42 and 34125760.
4538
What is the highest common divisor of 1242082 and 854?
122
Calculate the greatest common factor of 5553 and 85972780.
617
Calculate the greatest common factor of 9925 and 2271325.
25
What is the highest common divisor of 526 and 28559959?
263
Calculate the highest common divisor of 72 and 411352.
8
What is the greatest common divisor of 10563 and 12764631?
1509
What is the greatest common divisor of 222 and 4891770?
222
What is the greatest common divisor of 6896 and 287753702?
862
What is the highest common factor of 363755 and 2135?
35
Calculate the highest common factor of 16 and 130377048.
8
Calculate the highest common divisor of 141493648 and 3172.
244
What is the greatest common factor of 270 and 18311040?
90
Calculate the highest common divisor of 1827 and 2293697.
203
Calculate the greatest common divisor of 2502 and 63212196.
834
What is the greatest common divisor of 15 and 421173711?
3
Calculate the greatest common factor of 429 and 475059.
39
Calculate the highest common factor of 85328084 and 8.
4
Calculate the greatest common divisor of 1368298 and 4826.
254
What is the greatest common divisor of 1533222 and 18900?
54
What is the highest common divisor of 2933 and 48697856?
419
What is the greatest common divisor of 114024 and 28128?
24
Calculate the highest common factor of 932936 and 431012.
1108
Calculate the greatest common factor of 1437448 and 2491.
47
Calculate the greatest common divisor of 36507646 and 98.
98
Calculate the highest common divisor of 10822639 and 6124.
1531
What is the greatest common factor of 21137710 and 6490?
110
What is the highest common divisor of 122591443 and 26?
13
Calculate the greatest common factor of 36404 and 2461102.
958
What is the highest common divisor of 140216 and 3400?
136
Calculate the greatest common factor of 156 and 1061996.
52
Calculate the greatest common factor of 4032 and 2711646.
126
Calculate the greatest common divisor of 744 and 24084672.
24
Calculate the greatest common divisor of 435525 and 5750.
25
Calculate the greatest common factor of 99762 and 1625.
13
Calculate the highest common divisor of 16478632 and 344.
344
What is the greatest common divisor of 3927440 and 26400?
880
What is the highest common divisor of 1206 and 140658?
6
What is the highest common divisor of 417 and 1781841?
417
What is the greatest common divisor of 192 and 11516608?
64
Calculate the greatest common divisor of 3 and 770753106.
3
Calculate the highest common factor of 221793309 and 44145.
8829
Calculate the greatest common factor of 44153 and 30619.
67
What is the greatest common divisor of 580988 and 4381?
337
What is the greatest common factor of 4827812 and 12204?
452
Calculate the greatest common factor of 61 and 55905097.
61
What is the highest common factor of 2947 and 945553?
7
Calculate the highest common factor of 116387570 and 740.
370
Calculate the greatest common divisor of 84 and 2321292.
12
What is the greatest common factor of 88 and 102919916?
44
Calculate the highest common factor of 7135225 and 22865.
1345
Calculate the greatest common divisor of 468 and 19330233.
39
Calculate the greatest common divisor of 48139686 and 126.
126
What is the greatest common factor of 1539956 and 476036?
1364
What is the highest common divisor of 16 and 373540888?
8
What is the highest common divisor of 840 and 52570?
70
Calculate the highest common factor of 1048696 and 30872.
136
Calculate the highest common factor of 11520 and 22104.
72
Calculate the highest common factor of 64462521 and 141.
141
Calculate the highest common factor of 2168 and 14457850.
542
What is the highest common divisor of 7909 and 12881?
11
Calculate the highest common factor of 460 and 103178.
46
Calculate the highest common divisor of 3834 and 6684822.
54
Calculate the greatest common factor of 366 and 133230.
6
Calculate the greatest common divisor of 67713232 and 64.
16
Calculate the highest common divisor of 4778452 and 47828.
4348
Calculate the greatest common factor of 20 and 95726960.
20
Calculate the greatest common divisor of 2833 and 15759979.
2833
Calculate the highest common divisor of 43123 and 2291.
29
What is the highest common divisor of 52 and 94326388?
52
Calculate the highest common divisor of 10047 and 7383954.
591
What is the greatest common factor of 165 and 5522187?
33
What is the highest common divisor of 36 and 11253324?
12
Calculate the highest common factor of 25132744 and 58786.
3458
Calculate the highest common divisor of 27 and 21291333.
3
Calculate the highest common divisor of 4866071 and 22743.
133
Calculate the greatest common divisor of 8719090 and 63323.
4871
Calculate the highest common divisor of 720 and 3511584.
144
What is the greatest common factor of 164 and 105163196?
164
What is the greatest common divisor of 1897 and 63155466?
271
Calculate the highest common divisor of 210214 and 68.
2
Calculate the greatest common divisor of 4208 and 105077968.
4208
Calculate the greatest common divisor of 4199 and 1520285.
247
Calculate the greatest common divisor of 7650 and 1687250.
850
What is the greatest common divisor of 6498207 and 9?
9
What is the greatest common divisor of 418769 and 117?
13
What is the greatest common divisor of 84567845 and 775?
155
What is the highest common divisor of 20681832 and 6?
6
What is the greatest common divisor of 56640 and 112960?
320
What is the greatest common divisor of 104418704 and 208?
208
Calculate the greatest common factor of 5049720333 and 6489.
6489
What is the highest common factor of 5775 and 10736275?
275
What is the greatest common divisor of 11805589 and 1191?
397
What is the highest common factor of 5951799 and 17577?
567
Calculate the highest common divisor of 24838 and 1279773.
11
Calculate the highest common divisor of 61404714 and 20706.
714
Calculate the highest common factor of 3579524 and 608.
76
What is the greatest common factor of 515949248 and 3772?
3772
Calculate the highest common factor of 3612865649 and 59.
59
Calculate the highest common divisor of 1210 and 516065.
605
Calculate the highest common divisor of 5298076 and 378.
14
Calculate the greatest common divisor of 3766 and 243516.
14
What is the greatest common divisor of 271992 and 90104?
56
Calculate the greatest common divisor of 120050943 and 267.
267
Calculate the highest common divisor of 6847 and 308282.
167
Calculate the greatest common factor of 13612518 and 36.
18
Calculate the highest common divisor of 17316 and 600678.
234
What is the greatest common factor of 31383 and 57331035?
2853
What is the highest common divisor of 9756 and 734660946?
4878
Calculate the highest common divisor of 1710 and 495.
45
What is the greatest common factor of 6031271 and 11493?
1277
Calculate the highest common factor of 129118 and 3223.
11
Calculate the highest common divisor of 1769 and 29961553.
1769
What is the greatest common factor of 90246 and 88894?
338
Calculate the greatest common divisor of 1071 and 121602411.
1071
What is the greatest common factor of 4596 and 591910797?
1149
What is the greatest common divisor of 157879 and 151589?
629
Calculate the greatest common divisor of 12414 and 13224.
6
Calculate the highest common factor of 133714680 and 15.
15
Calculate the highest common divisor of 1716568 and 8792.
56
Calculate the highest common factor of 689216 and 664.
8
What is the highest common divisor of 55 and 271252663?
11
What is the highest common factor of 135122 and 858?
26
Calculate the greatest common divisor of 118886 and 1894.
2
What is the greatest common divisor of 2690010 and 820?
410
What is the greatest common factor of 176031 and 5643?
9
What is the highest common divisor of 37053 and 4223007?
207
Calculate the highest common factor of 200 and 79131080.
40
Calculate the greatest common factor of 8942453 and 83447.
1703
What is the highest common divisor of 364 and 98892885?
91
Calculate the highest common divisor of 8 and 1894188.
4
What is the greatest common factor of 19205 and 3815?
5
What is the greatest common divisor of 65602185 and 495?
165
Calculate the greatest common factor of 33821 and 1612.
31
Calculate the greatest common factor of 2536 and 7051348.
1268
What is the greatest common factor of 170